2
In base 4, what is 231 + -102?
123
In base 5, what is -3311 - -3?
-3303
In base 3, what is 201100 + 2?
201102
In base 7, what is 33 + 4?
40
In base 15, what is -c9 - -5?
-c4
In base 5, what is 2034 + 10?
2044
In base 16, what is 55a + -5?
555
In base 7, what is 5 + 44?
52
In base 10, what is -6 + -360?
-366
In base 11, what is 4 - 82?
-79
In base 4, what is 3 + 132121?
132130
In base 12, what is 65 - -10?
75
In base 9, what is -24 - -5?
-18
In base 16, what is -3 + -116e?
-1171
In base 10, what is 16 + 84?
100
In base 8, what is -56301 + 2?
-56277
In base 3, what is -11112 - -201?
-10211
In base 9, what is 1 - -16?
17
In base 2, what is -1001010001 - 10?
-1001010011
In base 8, what is -41 + -1?
-42
In base 7, what is 11 - 113?
-102
In base 13, what is -2 + 22b?
229
In base 10, what is 10 - 74?
-64
In base 9, what is -372 - -54?
-317
In base 8, what is 42 - -6?
50
In base 11, what is -20 - 57?
-77
In base 7, what is 162 - 116?
43
In base 11, what is 79a - 1?
799
In base 11, what is 0 + -973?
-973
In base 9, what is -55 - -7?
-47
In base 10, what is 61 - 19?
42
In base 5, what is -4 + -14102?
-14111
In base 14, what is b40 - -4?
b44
In base 12, what is -1 + -109?
-10a
In base 13, what is 78 + 5?
80
In base 4, what is -10 + -33?
-103
In base 8, what is 133 - -21?
154
In base 4, what is -303 + -10?
-313
In base 2, what is -10101101 - 1010?
-10110111
In base 7, what is 45 + 5?
53
In base 5, what is -1 + 10124?
10123
In base 6, what is 25102 - -1?
25103
In base 8, what is -1 - 100?
-101
In base 8, what is -1 + -1143?
-1144
In base 9, what is 50 + -4?
45
In base 10, what is 4 + -2329?
-2325
In base 14, what is d - 9b?
-8c
In base 8, what is 355 + -4?
351
In base 8, what is -33 - 22?
-55
In base 13, what is a9 + 1?
aa
In base 8, what is 20 - 25?
-5
In base 14, what is -3b - -1?
-3a
In base 8, what is 62740 - 0?
62740
In base 5, what is 2 + -41303?
-41301
In base 8, what is -163 - -7?
-154
In base 16, what is -3 - -3c?
39
In base 16, what is 4 - 165?
-161
In base 9, what is 0 - -14?
14
In base 3, what is 101 + -101?
0
In base 5, what is 20222 - -11?
20233
In base 14, what is -c0a0 + 2?
-c09c
In base 7, what is 1 + -63?
-62
In base 15, what is -6ba - 0?
-6ba
In base 12, what is 1bb - 10?
1ab
In base 7, what is -1166 - 11?
-1210
In base 4, what is 10033 + 0?
10033
In base 13, what is 6bb - 1?
6ba
In base 4, what is -1230 - -3?
-1221
In base 9, what is -261 - 2?
-263
In base 7, what is 0 + -6515?
-6515
In base 11, what is -10 - -91?
81
In base 7, what is 1600 - 0?
1600
In base 4, what is -11210 - 10?
-11220
In base 5, what is 20 + 222?
242
In base 6, what is -10243 + 5?
-10234
In base 15, what is 1 - -7c0?
7c1
In base 3, what is -11 - -12202?
12121
In base 13, what is 5 + 2a9?
2b1
In base 3, what is 101 + 202?
1010
In base 4, what is -3333 - 1?
-10000
In base 14, what is -4 + 167?
163
In base 16, what is 4627 - 0?
4627
In base 7, what is -21 - 4?
-25
In base 9, what is -230 + 7?
-222
In base 7, what is -14 + 15?
1
In base 4, what is 2 - 3220?
-3212
In base 7, what is 255 + -116?
136
In base 10, what is 4 - 239?
-235
In base 11, what is 630 + 2?
632
In base 10, what is -3 + -829?
-832
In base 15, what is -9094 - 3?
-9097
In base 8, what is -523 + 0?
-523
In base 7, what is -3154 + -5?
-3162
In base 6, what is -13 - -2035?
2022
In base 14, what is 162 + -29?
137
In base 12, what is 1 + 2b6?
2b7
In base 4, what is -11 + 13?
2
In base 10, what is -2 - 537?
-539
In base 14, what is -2bc + -2?
-2c0
In base 16, what is -6 + 2f?
29
In base 7, what is -4 - -3?
-1
In base 7, what is 0 + 150?
150
In base 11, what is 69 + -48?
21
In base 5, what is 4 - 133?
-124
In base 13, what is 28a + 3?
290
In base 4, what is -1 - 231?
-232
In base 6, what is 4010 + 0?
4010
In base 13, what is 8 - 4a0?
-495
In base 2, what is -100 - 101110?
-110010
In base 5, what is -2320 - -11?
-2304
In base 11, what is -1 - 318?
-319
In base 6, what is -143 - -54?
-45
In base 7, what is 6 + 10?
16
In base 2, what is -1001101110 + 100101?
-1001001001
In base 2, what is -101010010 - -1?
-101010001
In base 16, what is -54 - -3a?
-1a
In base 2, what is -1 + -1011?
-1100
In base 13, what is -c0 + 5?
-b8
In base 9, what is 12200 + -3?
12186
In base 14, what is -125 - 4?
-129
In base 10, what is 67 - 496?
-429
In base 11, what is -53 - -75?
22
In base 3, what is -1111 - 2?
-1120
In base 7, what is -36 - 6?
-45
In base 3, what is -1001 - -120?
-111
In base 12, what is -13b - 6?
-145
In base 11, what is 64 + -2?
62
In base 2, what is 10111 - 10011?
100
In base 9, what is 4 - -141?
145
In base 15, what is 1 - 310?
-30e
In base 9, what is 0 + 4034?
4034
In base 9, what is 7 - -3?
11
In base 6, what is -1 - 1134?
-1135
In base 8, what is 111 - -3?
114
In base 14, what is 0 - ba?
-ba
In base 4, what is -2 + -23?
-31
In base 5, what is 1 - 1140?
-1134
In base 4, what is 213 + 12?
231
In base 3, what is -22 + 2?
-20
In base 13, what is 5 - -349?
351
In base 16, what is -2f72 - 1?
-2f73
In base 11, what is 5 + 132?
137
In base 7, what is 1633 - 6?
1624
In base 8, what is -55 - -5?
-50
In base 9, what is -310 - 4?
-314
In base 14, what is 1 - 13?
-12
In base 9, what is 88 + 3?
102
In base 2, what is 1 - -11101001?
11101010
In base 12, what is -3 + 25?
22
In base 2, what is -111001 + 1001?
-110000
In base 8, what is -65 + 51?
-14
In base 7, what is 231 - 2?
226
In base 16, what is 2 + -15?
-13
In base 15, what is 2d + 4?
32
In base 2, what is 10111 + -11011?
-100
In base 2, what is -111111100011 - -11?
-111111100000
In base 2, what is 11 - -100010010100?
100010010111
In base 12, what is 17 + -a?
9
In base 15, what is -5 + 350?
34a
In base 10, what is 4 - 1857?
-1853
In base 2, what is 10101010100001 - 101?
10101010011100
In base 9, what is -40 - -6?
-33
In base 7, what is 4 - 352?
-345
In base 3, what is 2020012 + -12?
2020000
In base 14, what is -23 - c?
-31
In base 12, what is -5 + -46?
-4b
In base 12, what is -2a1 - 6?
-2a7
In base 10, what is -4 - -53?
49
In base 16, what is -4 + f2?
ee
In base 10, what is -13 - -573?
560
In base 3, what is 12 - 122220?
-122201
In base 3, what is 122 + -12?
110
In base 12, what is 3 - 8?
-5
In base 13, what is -2 - -18?
16
In base 9, what is -5715 + 3?
-5712
In base 16, what is 57a - -1?
57b
In base 5, what is 2 - 2322?
-2320
In base 15, what is -112 + -5?
-117
In base 14, what is 1 + cd?
d0
In base 9, what is -46 + -206?
-253
In base 7, what is 232 - 56?
143
In base 3, what is 21 + -2?
12
In base 3, what is -1 + -222?
-1000
In base 7, what is 56 + -2?
54
In base 10, what is -2 + -869?
-871
In base 14, what is -3 + -1b?
-20
In base 15, what is -96 - 0?
-96
In base 16, what is 3 - -94?
97
In base 11, what is -3 - -130?
128
In base 14, what is -5 + -21c7?
-21cc
In base 3, what is -2020 + 0?
-2020
In base 13, what is -a9c + -4?
-aa3
In base 5, what is -4 + 400?
341
In base 4, what is 22103 - 10?
22033
In base 7, what is -5 - -124?
116
In base 4, what is 121 + -10320?
-10133
In base 7, what is 5 - 11?
-3
In base 2, what is 1001011111 - -10101?
1001110100
In base 15, what is 76 + 2?
78
In base 12, what is 3 - -43?
46
In base 10, what is 12 - 6?
6
In base 3, what is 121 - 11201?
-11010
In base 11, what is 374 + 5?
379
In base 11, what is 2 - 41a?
-418
In base 7, what is 123 - -4?
130
In base 9, what is -37365 + -1?
-37366
In base 12, what is 260 + 1?
261
In base 3, what is 2022 - -2121?
11220
In base 12, what is -4234 - 2?
-4236
In base 13, what is -16 + 45?
2c
In base 2, what is 1001001 + 111011?
10000100
In base 12, what is 16 + -2?
14
In base 9, what is -524 - 1?
-525
In base 15, what is -2378 + -3?
-237b
In base 16, what is -1 - 14?
-15
In base 10, what is 91 - 156?
-65
In base 8, what is 256 + -70?
166
In base 3, what is 221 + 1?
222
In base 8, what is -6 - -1663?
1655
In base 10, what is 6 + -25?
-19
In base 11, what is 3 - -564?
567
In base 5, what is 4 + -443?
-434
In base 6, what is -14054 - 0?
-14054
In base 4, what is 23 + 10133?
10222
In base 4, what is -11 - 103030?
-103101
In base 10, what is -1 - -129?
128
In base 16, what is 31 - c?
25
In base 6, what is 3 - 11?
-4
In base 9, what is 8 - -14?
23
In base 7, what is 3 - 145?
-142
In base 13, what is 1 + 3?
4
In base 14, what is 1b1 + 3?
1b4
In base 14, what is -395 - 0?
-395
In base 12, what is 63 - -3?
66
In